*2 + u + 39. Determine q(-25).
14
Let n(k) = k**3 + 7*k**2 - 11*k + 25. Calculate n(-7).
102
Let s(b) = 10*b**2 + 172*b - 16. Determine s(-17).
-50
Let q(j) = -5*j**2 + 24*j - 32. What is q(4)?
-16
Let o(c) = 2*c**3 - 5*c**2 - 4*c + 2. Calculate o(3).
-1
Let n(p) = 988*p - 3996. Give n(4).
-44
Let f(z) = -13*z**3 + z**2 + 2*z - 3. What is f(-2)?
101
Let b(h) = 2*h**3 + 77*h**2 - 47*h - 310. What is b(-39)?
2
Let y(w) = 2*w**3 - 20*w**2 + 24*w - 97. Give y(9).
-43
Let p(i) = -2*i**3 - 128*i**2 + 5*i + 346. Determine p(-64).
26
Let r(a) = -34*a + 1040. Calculate r(32).
-48
Let h(y) = -8*y**3 - 27*y**2 + 45*y + 10. What is h(2)?
-72
Let c(u) = 82*u - 5480. Calculate c(67).
14
Let z(h) = h**3 + 17*h**2 - 51*h + 166. Calculate z(-20).
-14
Let l(h) = 15*h**2 - 114*h - 490. Determine l(-4).
206
Let u(x) = -6*x**3 - 50*x**2 - 55*x - 6. Calculate u(-7).
-13
Let o(u) = 4739*u + 47379. Calculate o(-10).
-11
Let s(i) = i**2 - 51*i + 319. What is s(6)?
49
Let b(l) = -l**2 - 6*l - 48. Calculate b(-11).
-103
Let k(s) = s**3 - 17*s**2 - 175*s + 2790. What is k(18)?
-36
Let z(v) = 2*v**3 + 5*v**2 + 11*v + 9. What is z(-2)?
-9
Let y(k) = 10230*k - 102311. Calculate y(10).
-11
Let s(w) = 2773*w + 24962. Determine s(-9).
5
Let g(h) = -h**3 + 2*h**2 + 4*h - 4. Calculate g(2).
4
Let q(h) = 23*h - 764. Give q(9).
-557
Let d(k) = -k**2 - 10*k + 155. Determine d(9).
-16
Let p(x) = 11*x**2 + 2*x - 283. Determine p(5).
2
Let o(p) = p**3 + 28*p**2 + 24*p - 56. Calculate o(-27).
25
Let q(g) = 1427*g + 15698. Determine q(-11).
1
Let q(r) = -181*r - 153. What is q(-1)?
28
Let l(r) = -r**3 + 14*r**2 - 4*r + 1. Calculate l(4).
145
Let q(j) = -2*j**2 - 7*j + 13. What is q(5)?
-72
Let z(h) = -h**3 + 16*h**2 - 65*h + 69. What is z(10)?
19
Let y(u) = -132*u + 1322. Determine y(10).
2
Let u(g) = -282*g + 10725. Calculate u(38).
9
Let m(b) = b**3 + 92*b**2 + 184*b + 366. Calculate m(-90).
6
Let t(f) = -f - 45. Calculate t(-10).
-35
Let j(w) = 19*w**3 - 343*w**2 + 23*w - 27. What is j(18)?
63
Let n(z) = -z**2 - 95*z + 7. What is n(0)?
7
Let g(c) = -c**2 - 21*c - 139. Calculate g(-13).
-35
Let p(f) = 2*f**2 + 153*f + 374. What is p(-77)?
451
Let i(c) = 111*c + 15103. Determine i(-136).
7
Let c(y) = -1700*y + 34015. Calculate c(20).
15
Let h(n) = 228*n + 1575. What is h(-7)?
-21
Let s(j) = 254*j - 425. Determine s(1).
-171
Let b(m) = -m**3 + m**2 - 4*m - 7. What is b(0)?
-7
Let c(j) = 72*j - 624. What is c(2)?
-480
Let d(q) = -77*q + 6620. Determine d(86).
-2
Let t(q) = -855*q + 5350. Give t(6).
220
Let o(b) = -77*b**3 + 6*b**2 + 8*b + 9. Give o(-2).
633
Let i(s) = 2*s**2 + 3*s + 125. What is i(0)?
125
Let f(y) = -39*y - 220. What is f(14)?
-766
Let u(r) = -86*r - 1944. Give u(-30).
636
Let z(a) = 7*a**2 - 638*a + 88. Give z(91).
-3
Let j(k) = -3*k**2 + 59*k - 272. Calculate j(14).
-34
Let b(q) = 24*q**2 + 978*q - 251. Determine b(-41).
-5
Let x(o) = -o**3 - 2*o**2 + 13*o - 35. What is x(0)?
-35
Let c(k) = 52*k**3 - 2*k**2 + 2. Determine c(-2).
-422
Let k(l) = -3249*l + 3267. Determine k(1).
18
Let u(n) = 4*n**2 + 38*n + 26. Give u(-5).
-64
Let z(s) = s - 24. What is z(0)?
-24
Let s(p) = p**2 + 39*p + 59. Determine s(-36).
-49
Let s(t) = -t**3 + 24*t - 1. Give s(-5).
4
Let x(a) = a**3 - 2*a**2 + 17*a + 30. Calculate x(0).
30
Let u(i) = 30*i**3 - 30*i**2 + 3*i - 5. Calculate u(2).
121
Let q(o) = 3*o**2 - 50*o + 129. What is q(3)?
6
Let x(v) = v**2 - 21*v + 103. Give x(11).
-7
Let d(s) = -1096*s + 18625. What is d(17)?
-7
Let v(k) = k**3 - 16*k**2 + 28*k - 212. What is v(15)?
-17
Let o(f) = f**2 + 8*f - 101. Determine o(7).
4
Let l(r) = 20*r**2 + 111*r - 105. Determine l(-7).
98
Let u(a) = 7*a**2 - 379*a + 727. Give u(2).
-3
Let m(o) = -547*o - 4375. Determine m(-8).
1
Let a(t) = -266*t + 18634. Give a(70).
14
Let i(y) = -4*y**2 + 4*y + 9. Calculate i(-3).
-39
Let a(t) = -44*t + 380. What is a(9)?
-16
Let a(d) = 39*d + 1756. Determine a(-45).
1
Let g(x) = 4*x**2 + 53*x + 8. Determine g(-3).
-115
Let t(h) = -10*h + 42. Calculate t(6).
-18
Let i(n) = -1339*n - 6674. Determine i(-5).
21
Let l(t) = -3*t**2 + 3*t - 47. Determine l(-17).
-965
Let o(r) = r**3 - 71*r**2 - 73*r + 66. Give o(72).
-6
Let c(m) = 23*m + 31. Determine c(-14).
-291
Let u(s) = -855*s - 4254. Determine u(-5).
21
Let b(j) = -1107*j + 12180. Calculate b(11).
3
Let z(w) = 5*w**2 + 32*w - 444. Calculate z(11).
513
Let y(g) = 98*g + 385. Determine y(-4).
-7
Let o(l) = 3*l**2 + 112*l + 232. What is o(-35)?
-13
Let x(z) = -27*z + 405. What is x(12)?
81
Let p(j) = -j**2 + 526*j - 3120. Determine p(6).
0
Let k(z) = -z**3 - 15*z**2 - 24. Give k(-15).
-24
Let j(t) = 579*t - 2945. What is j(5)?
-50
Let d(u) = 4*u**3 - 11*u**2 - 26*u - 5. Determine d(-2).
-29
Let c(f) = 156*f + 275. Determine c(-2).
-37
Let o(h) = -h**3 + 6*h**2 + 10*h - 20. Determine o(0).
-20
Let r(u) = u**3 - 3*u**2 + 4*u - 223. Calculate r(0).
-223
Let v(s) = s**2 - 95*s - 1425. What is v(-13)?
-21
Let b(w) = -11*w**3 - 602*w**2 + 166*w + 79. Give b(-55).
24
Let l(c) = -350*c - 3478. What is l(-10)?
22
Let m(i) = -2*i**2 - 21*i + 341. Give m(-19).
18
Let p(r) = -8*r - 186. Give p(-21).
-18
Let r(m) = -24*m + 55. Calculate r(8).
-137
Let p(w) = 1801*w + 5448. Determine p(-3).
45
Let f(r) = 21*r**2 - 457*r + 336. What is f(21)?
0
Let t(m) = 29*m - 1068. Calculate t(50).
382
Let a(j) = 12*j - 29. Give a(3).
7
Let j(k) = 189*k - 11162. Give j(59).
-11
Let o(r) = -157*r - 62. Calculate o(-1).
95
Let d(r) = -2*r**2 + 4*r - 10. Give d(0).
-10
Let h(d) = -2*d**2 - 46*d + 173. Determine h(-28).
-107
Let w(k) = 9953*k + 49766. Give w(-5).
1
Let a(b) = -3*b**2 - 325*b - 736. Determine a(-106).
6
Let q(c) = c**3 + 3*c**2 - 5*c + 1. Calculate q(-4).
5
Let n(l) = 3*l**2 - 49*l - 20. What is n(11)?
-196
Let d(k) = 146*k - 16566. What is d(113)?
-68
Let c(v) = -44*v + 335. Calculate c(8).
-17
Let s(k) = -2*k**2 - 81*k - 611. Give s(-34).
-169
Let z(v) = -v**3 + 44*v**2 + 55*v + 1677. What is z(46)?
-25
Let f(g) = 125*g**2 - 490*g - 2. Calculate f(4).
38
Let h(g) = 38*g - 97. Calculate h(3).
17
Let u(r) = 136*r - 281. What is u(2)?
-9
Let l(p) = p**3 - 46*p**2 - 206*p + 296. Calculate l(50).
-4
Let r(t) = -t**2 - 205*t - 18. What is r(0)?
-18
Let r(v) = -2*v**2 + 109*v - 883. Calculate r(10).
7
Let q(y) = 7*y + 192. What is q(0)?
192
Let f(q) = -q**3 + 122*q**2 + 10*q - 1215. Calculate f(122).
5
Let f(j) = 2*j**3 - j**2 + 16*j - 42. Determine f(3).
51
Let n(m) = m**2 + 100*m - 1213. What is n(11)?
8
Let q(i) = 2*i**2 - 30*i + 51. Give q(14).
23
Let b(a) = -a**3 - 7*a**2 + 73*a + 509. Calculate b(-6).
35
Let g(l) = -15*l**2 - 7*l + 72. Give g(2).
-2
Let s(h) = h**2 + 4*h + 24. Determine s(10).
164
Let r(j) = j**2 - 454*j + 2688. Calculate r(6).
0
Let w(n) = -n**3 + 4*n**2 + 6*n + 1. Calculate w(3).
28
Let y(j) = -66*j + 1106. What is y(17)?
-16
Let x(p) = 3*p**3 + 28*p**2 - 6*p + 32. Calculate x(-10).
-108
Let p(w) = -6*w**2 + 4*w - 3. Determine p(-5).
-173
Let m(u) = 690*u + 741. Give m(-2).
-639
Let j(g) = -g**2 - 83*g - 396. What is j(-78)?
-6
Let s(n) = -243*n + 21859. Calculate s(90).
-11
Let b(z) = 74*z**2 - 274*z - 40. What is b(6)?
980
Let m(n) = -n**2 - 12*n - 47. What is m(-7)?
-12
Let r(u) = -26*u + 1874. Determine r(72).
2
Let j(k) = 173*k**2 + 3*k - 3. What is j(-1)?
167
Let b(d) = -3*d**3 + d**2 + 7*d + 26. Determine b(-3).
95
Let r(c) = 10*c**3 - 32*c**2 + 3*c - 3. What is r(2)?
-45
Let i(m) = -3*m**2 - 62*m. Calculate i(-21).
-21
Let r(g) = -2*g**3 - 5*g**2 - 2*g + 5. What is r(-4)?
61
Let j(k) = -52*k + 1123. Give j(22).
-21
Let b(l) = -11*l**2 - 363*l - 28. Give b(-33).
-28
Let f(y) = 21*y - 601. Give f(28).
-13
Let h(c) = -11*c + 243. Determine h(21).
12
Let o(t) = 13*t + 246. Calculate o(-8).
142
Let u(s) = -12*s**2 - 1343*s + 103. Give u(-112).
-9
Let b(l) = -l**3 - 92*l**2 + 144*l + 4751. Calculate b(-93).
8
Let v(o) = -o**2 + o - 4. What is v(0)?
-4
Let t(n) = -11*n**2 - 5*n + 146. Give t(0).
146
Let m(i) = -i**3 - 61*i**2 - 171*i + 175. Calculate m(-58).
1
Let z(t) = -t**2 - 44*t - 7. Calculate z(0).
-7
Let f(k) = -k**3 + 53*k**2 - 102*k - 4. Calculate f(2).
-4
Let b(i) = 2*i**3 + 13*i**2 + 17*i - 12. Calculate b(-4).
0
Let p(r) = r**2 - 860*r + 10176. What is p(12)?
0
Let a(h) = -172*h + 1550. Give a(9).
2
Let c(i) = i**3 + 12*i**2 + 13*i + 21. Give 